
Convert 2869 (base 14) to base 9.
10723
Convert -100000011110 (base 2) to base 6.
-13342
Convert 1601 (base 7) to base 11.
530
104 (base 10) to base 6
252
What is -1001100001001 (base 2) in base 12?
-29a1
70503 (base 8) to base 4
13011003
Convert 110000101010100 (base 2) to base 9.
37154
Convert -1533 (base 6) to base 3.
-120110
2231143 (base 5) to base 14
105ac
What is -2a40 (base 13) in base 2?
-1011111111000
-5a46 (base 11) to base 10
-7915
861 (base 10) to base 6
3553
What is -11100100000110 (base 2) in base 3?
-202000200
Convert -b74 (base 16) to base 7.
-11356
What is -973 (base 11) in base 10?
-1169
What is a9b (base 14) in base 2?
100000110001
Convert 111101101001 (base 2) to base 5.
111240
What is -13020 (base 4) in base 5?
-3311
What is -173c6 (base 14) in base 4?
-32100102
1482 (base 11) to base 15
870
-313332 (base 4) to base 3
-11220200
What is -1110110110101 (base 2) in base 13?
-3600
What is 34072 (base 8) in base 14?
5362
5624 (base 7) to base 16
7eb
3451 (base 7) to base 5
20021
-29419 (base 11) to base 6
-521205
-89 (base 14) to base 16
-79
Convert 25a (base 15) to base 9.
654
What is -31013 (base 8) in base 12?
-74b7
What is -453 (base 7) in base 13?
-150
-11110111100 (base 2) to base 14
-a16
What is -4341 (base 7) in base 3?
-2010100
-147 (base 16) to base 4
-11013
Convert -4821 (base 15) to base 16.
-3be3
-8b1 (base 12) to base 8
-2405
100000001 (base 2) to base 15
122
Convert -284 (base 15) to base 4.
-20332
What is 530 (base 8) in base 12?
248
What is 10101011010 (base 2) in base 7?
3665
What is -1463 (base 9) in base 11?
-91a
Convert -3414032 (base 5) to base 11.
-41516
What is 123 (base 10) in base 8?
173
901 (base 10) to base 7
2425
2210 (base 7) to base 12
55b
Convert 14464 (base 8) to base 2.
1100100110100
What is -2c8 (base 13) in base 5?
-4002
12313 (base 7) to base 11
248a
Convert 107030 (base 9) to base 6.
1213043
Convert -4bee (base 16) to base 14.
-7126
Convert -2414 (base 9) to base 10.
-1795
Convert 24 (base 9) to base 7.
31
-2470a (base 11) to base 6
-432103
What is -5521 (base 6) in base 15?
-59d
What is 457d (base 14) in base 4?
2330203
-4523 (base 6) to base 7
-3042
Convert -20a22 (base 12) to base 7.
-236120
Convert -4a3 (base 15) to base 3.
-1110000
Convert 111001100100 (base 2) to base 16.
e64
Convert 1241 (base 5) to base 15.
d1
Convert 134520 (base 6) to base 2.
11000110110000
Convert 12310 (base 4) to base 7.
1162
-6aa9 (base 14) to base 3
-221110220
Convert 221400 (base 5) to base 6.
55433
Convert -856 (base 12) to base 5.
-14333
What is -7433 (base 8) in base 6?
-25523
6634 (base 12) to base 2
10110000001000
What is -320 (base 9) in base 15?
-126
Convert -122440 (base 5) to base 13.
-2210
Convert 265 (base 10) to base 14.
14d
Convert 1114 (base 9) to base 11.
689
16b75 (base 12) to base 11
22698
Convert 17 (base 13) to base 14.
16
Convert -501 (base 6) to base 10.
-181
-2b7 (base 12) to base 10
-427
-2ed (base 16) to base 15
-34e
Convert -33364 (base 7) to base 4.
-2003221
What is 146 (base 13) in base 6?
1015
-3bb3 (base 13) to base 7
-34030
Convert -2121101 (base 3) to base 9.
-2541
What is 222221 (base 3) in base 2?
1011010111
What is 120122022 (base 3) in base 14?
4226
Convert 932 (base 12) to base 3.
1211102
What is -734a (base 14) in base 13?
-906b
100 (base 14) to base 7
400
Convert 104642 (base 8) to base 15.
a68e
Convert 1115 (base 7) to base 15.
1be
Convert -3126 (base 14) to base 4.
-2010032
What is -1211102210 (base 3) in base 10?
-36039
2f78 (base 16) to base 10
12152
Convert 2807 (base 16) to base 13.
4883
Convert -10001001011000010 (base 2) to base 15.
-15c93
-42443 (base 6) to base 11
-4391
Convert 244 (base 16) to base 12.
404
-12 (base 5) to base 11
-7
-1302 (base 4) to base 16
-72
What is -125 (base 8) in base 15?
-5a
What is 1010001001 (base 2) in base 12?
461
-221202 (base 3) to base 14
-379
Convert -6c9 (base 15) to base 9.
-2100
2401 (base 6) to base 11
485
What is 2500 (base 7) in base 6?
4151
What is 167 (base 14) in base 6?
1155
Convert -13130 (base 4) to base 6.
-2112
136 (base 11) to base 16
a0
-355240 (base 7) to base 13
-23338
40 (base 9) to base 13
2a
-d7 (base 15) to base 4
-3022
What is 33002 (base 5) in base 7?
6365
What is -550 (base 8) in base 2?
-101101000
-44156 (base 10) to base 4
-22301330
-112d (base 14) to base 7
-11456
What is 211150 (base 6) in base 16?
42ea
233 (base 15) to base 7
1311
What is 162 (base 12) in base 4?
3122
Convert -211214 (base 5) to base 6.
-52403
Convert 210102200 (base 3) to base 14.
59a0
What is -411 (base 13) in base 15?
-310
-5847 (base 10) to base 6
-43023
-936 (base 10) to base 7
-2505
a0b5 (base 16) to base 9
62382
Convert -f1e (base 16) to base 13.
-19b9
Convert 422 (base 6) to base 8.
236
Convert 211 (base 14) to base 12.
29b
18f9 (base 16) to base 7
24432
104244 (base 5) to base 8
7163
Convert 101001001100 (base 2) to base 11.
1a87
Convert 36b (base 13) to base 8.
1124
Convert 16621 (base 11) to base 3.
1012001210
Convert 4e70 (base 16) to base 12.
b754
Convert -714 (base 16) to base 11.
-13a8
Convert -5205 (base 9) to base 12.
-2258
What is ac6 (base 15) in base 10?
2436
What is -10441 (base 5) in base 9?
-1018
What is -6da (base 14) in base 8?
-2530
32305 (base 6) to base 8
10521
Convert 22371 (base 8) to base 10.
9465
Convert 32496 (base 10) to base 3.
1122120120
8035 (base 14) to base 10
21999
2433 (base 7) to base 16
38a
-575 (base 10) to base 5
-4300
What is 12222 (base 4) in base 8?
652
Convert -40401 (base 5) to base 10.
-2601
What is 23303 (base 9) in base 7?
63231
2727 (base 8) to base 13
8b0
659 (base 15) to base 7
4116
What is -1264 (base 16) in base 9?
-6411
What is 40004 (base 7) in base 11?
7245
Convert 1d3 (base 16) to base 15.
212
Convert 74 (base 11) to base 15.
56
What is 11210 (base 3) in base 9?
153
300311 (base 4) to base 11
2391
-1332 (base 6) to base 15
-17e
What is 3b08 (base 13) in base 5?
232313
What is 210303 (base 7) in base 14?
d273
1104401 (base 5) to base 9
28481
What is -2ed (base 16) in base 6?
-3245
What is 25232 (base 6) in base 14?
152c
Convert -13321 (base 4) to base 2.
-111111001
-296a (base 12) to base 11
-36a5
What is 2445 (base 13) in base 9?
7026
Convert -1609 (base 12) to base 10.
-2601
Convert 11221 (base 6) to base 12.
b11
5086 (base 9) to base 5
104343
2d70 (base 14) to base 4
1333012
Convert 11334 (base 9) to base 16.
1d8c
f43 (base 16) to base 2
111101000011
What is 11110101 (base 2) in base 9?
302
2d6 (base 14) to base 9
714
Convert 184d (base 16) to base 4.
1201031
Convert 1011011111011000 (base 2) to base 15.
de29
Convert 1150 (base 6) to base 4.
10122
-1738 (base 16) to base 3
-22011011
Convert -1161 (base 9) to base 12.
-601
What is -102233 (base 7) in base 3?
-220011102
7472 (base 8) to base 5
111043
What is 2382 (base 10) in base 16?
94e
Convert -1343 (base 5) to base 8.
-337
What is -26dc (base 14) in base 4?
-1223022
4112 (base 9) to base 11
2295
1b77 (base 13) to base 2
1000000111010
218 (base 9) to base 7
344
345 (base 6) to base 16
89
b (base 12) to base 16
b
102021 (base 3) to base 6
1224
-1020 (base 9) to base 11
-61a
Convert 141 (base 8) to base 14.
6d
What is 6478 (base 12) in base 7?
44114
What is -3663 (base 10) in base 9?
-5020
What is 70a1 (base 12) in base 2?
10111110111001
What is -839 (base 11) in base 15?
-475
What is -3222 (base 9) in base 15?
-a7e
1033 (base 7) to base 5
2432
Convert 272 (base 8) to base 14.
d4
Convert 477 (base 8) to base 15.
164
Convert 11232 (base 5) to base 12.
581
What is 223 (base 15) in base 5?
3413
What is 682 (base 15) in base 8?
2700
1ba5a (base 14) to base 15
15de5
14299 (base 10) to base 3
201121121
-55f (base 16) to base 5
-21000
1000111100 (base 2) to base 11
480
What is 211433 (base 7) in base 14?
d48a
10101111001000 (base 2) to base 4
2233020
What is -105 (base 14) in base 12?
-149
-400333 (base 5) to base 7
-51500
Convert -314403 (base 5) to base 7.
-42625
317 (base 9) to base 11
216
What is 61865 (base 9) in base 12?
1b742
What is -73842 (base 9) in base 14?
-13ada
Convert -76 (base 15) to base 5.
-421
What is -23311 (base 5) in base 14?
-89c
What is -442 (base 8) in base 7?
-563
10202 (base 3) to base 16
65
22252 (base 6) to base 14
11d6
Convert 11331 (base 4) to base 3.
112010
858 (base 16) to base 12
12a0
C